se
Is 88229 a composite number?
True
Is 142943 composite?
True
Is 909991 prime?
False
Is 88207 composite?
True
Is 6773 a composite number?
True
Is 39103 prime?
True
Is 4871273 a composite number?
True
Is 85807 prime?
False
Is 5549 prime?
False
Is 176447 a composite number?
True
Is 6421 a composite number?
False
Is 135041 composite?
True
Is 37307 composite?
False
Is 172015 composite?
True
Is 8808029 prime?
True
Is 304877 prime?
False
Is 221159 a composite number?
False
Is 47431 composite?
False
Is 1056349 a prime number?
False
Is 3395797 a prime number?
False
Is 3073 a composite number?
True
Is 341511 composite?
True
Is 2251 a prime number?
True
Is 55457 a prime number?
True
Is 199063 a prime number?
False
Is 484571 a composite number?
True
Is 2503 a prime number?
True
Is 6753 a prime number?
False
Is 38953 prime?
True
Is 933883 a composite number?
False
Is 18665 composite?
True
Is 10319 a composite number?
True
Is 14837 prime?
False
Is 37463 a prime number?
True
Is 14953 composite?
True
Is 3793 prime?
True
Is 48109 a prime number?
True
Is 103549 prime?
True
Is 33171 a composite number?
True
Is 11359 a composite number?
True
Is 145391 a composite number?
False
Is 4679 a prime number?
True
Is 46337 prime?
True
Is 87407 a prime number?
True
Is 1367 prime?
True
Is 71087 prime?
False
Is 4045 a composite number?
True
Is 1817 composite?
True
Is 373 a composite number?
False
Is 309241 prime?
True
Is 173702 a composite number?
True
Is 3820945 a prime number?
False
Is 120617 a composite number?
True
Is 446713 a prime number?
True
Is 43345 a composite number?
True
Is 345157 composite?
True
Is 184849 a prime number?
False
Is 30449 prime?
True
Is 13259 a prime number?
True
Is 151379 composite?
False
Is 71471 a prime number?
True
Is 25423 a prime number?
True
Is 84299 composite?
False
Is 17463 a composite number?
True
Is 41631 a prime number?
False
Is 40701 composite?
True
Is 10529 a composite number?
False
Is 208189 a prime number?
True
Is 105601 composite?
False
Is 10937 a composite number?
False
Is 15071 prime?
False
Is 544105 prime?
False
Is 1299479 a composite number?
True
Is 51031 composite?
False
Is 2564791 composite?
True
Is 417751 a composite number?
False
Is 2521 a composite number?
False
Is 17354 composite?
True
Is 922933 a composite number?
True
Is 716857 composite?
False
Is 1214729 prime?
True
Is 1411 a composite number?
True
Is 535387 prime?
True
Is 925559 a composite number?
False
Is 79349 a composite number?
False
Is 14591 a prime number?
True
Is 1282 a prime number?
False
Is 537391 a composite number?
True
Is 1017655 a prime number?
False
Is 69241 a prime number?
False
Is 437023 composite?
True
Is 287467 a prime number?
False
Is 234721 a composite number?
False
Is 7901 a prime number?
True
Is 1165589 a composite number?
True
Is 539039 composite?
False
Is 11903 a composite number?
False
Is 291287 a composite number?
False
Is 6866 a prime number?
False
Is 9865 prime?
False
Is 8747 composite?
False
Is 1578133 a composite number?
False
Is 255173 composite?
False
Is 455523 prime?
False
Is 7559 a composite number?
False
Is 1263854 a prime number?
False
Is 10939 prime?
True
Is 657302 prime?
False
Is 4729 a prime number?
True
Is 204394 prime?
False
Is 2237 a composite number?
False
Is 9358 a prime number?
False
Is 506147 prime?
True
Is 4032707 a prime number?
False
Is 6469 a composite number?
False
Is 7481 composite?
False
Is 29567 composite?
False
Is 12443 a prime number?
False
Is 141619 a composite number?
False
Is 132659 composite?
True
Is 15101 a prime number?
True
Is 141241 prime?
True
Is 37237 prime?
False
Is 1011583 prime?
True
Is 66979 a composite number?
True
Is 18839 a composite number?
False
Is 177185 a prime number?
False
Is 498881 a composite number?
False
Is 1094153 a prime number?
False
Is 4783 a prime number?
True
Is 8051 prime?
False
Is 119953 prime?
True
Is 94769 a prime number?
False
Is 21419 prime?
True
Is 4703 a prime number?
True
Is 97597 a composite number?
True
Is 5209 a composite number?
False
Is 1750953 prime?
False
Is 107567 prime?
False
Is 803651 a prime number?
True
Is 190339 composite?
False
Is 39191 a composite number?
False
Is 55129 prime?
False
Is 661313 composite?
True
Is 396461 a prime number?
False
Is 2099 prime?
True
Is 4051 composite?
False
Is 6841 prime?
True
Is 87491 a prime number?
True
Is 79139 composite?
False
Is 151273 prime?
True
Is 76371 composite?
True
Is 36289 a composite number?
True
Is 72113 a prime number?
False
Is 37279 a composite number?
True
Is 10057 prime?
False
Is 85699 a composite number?
True
Is 318097 a prime number?
False
Is 57403 composite?
True
Is 37509 prime?
False
Is 400187 prime?
True
Is 31303 composite?
True
Is 662687 a composite number?
True
Is 10433 prime?
True
Is 6021823 composite?
False
Is 18701 a prime number?
True
Is 6995 a composite number?
True
Is 69323 composite?
True
Is 21419 a prime number?
True
Is 15581 composite?
False
Is 32647 a prime number?
True
Is 14738 composite?
True
Is 502235 prime?
False
Is 971 composite?
False
Is 778 prime?
False
Is 5669 a composite number?
False
Is 46321 composite?
True
Is 7057 composite?
False
Is 38447 a composite number?
False
Is 135821 composite?
True
Is 371 composite?
True
Is 490519 prime?
True
Is 8251 composite?
True
Is 158731 a prime number?
True
Is 761129 prime?
True
Is 50413 a composite number?
True
Is 41803 a composite number?
True
Is 4303 a composite number?
True
Is 7717 prime?
True
Is 170953 a composite number?
False
Is 318363 composite?
True
Is 27563 composite?
True
Is 61837 a composite number?
False
Is 8321 a prime number?
False
Is 4201 composite?
False
Is 1211 prime?
False
Is 34849 a prime number?
True
Is 11047 a prime number?
True
Is 94661 a prime number?
False
Is 7411 prime?
True
Is 340771 composite?
True
Is 115819 prime?
False
Is 1399 a composite number?
False
Is 100069 a composite number?
False
Is 168913 prime?
True
Is 100387 a prime number?
False
Is 689827 a prime number?
True
Is 136723 a prime number?
False
Is 1997365 a composite number?
True
Is 384017 a composite number?
False
Is 516757 a prime number?
True
Is 791293 composite?
True
Is 204973 prime?
True
Is 16619 prime?
True
Is 27327 prime?
False
Is 692371 a prime number?
True
Is 165161 a composite number?
False
Is 49103 a prime number?
True
Is 1191 a composite number?
True
Is 9851 composite?
False
Is 6070927 a prime number?
True
Is 815 prime?
False
Is 564974 a prime number?
False
Is 881033 prime?
False
Is 112469 a prime number?
False
Is 32105 a composite number?
True
Is 35151 a composite number?
True
Is 189011 prime?
True
Is 16547 a composite number?
False
Is 68999 prime?
False
Is 545737 composite?
True
Is 2533 a prime number?
False
Is 1091939 composite?
False
Is 45659 a composite number?
False
Is 40879 composite?
False
Is 38651 a prime number?
True
Is 40011 a prime number?
False
Is 8683 composite?
True
Is 64871 prime?
True
Is 245615 a prime number?
False
Is 5627 a prime number?
False
Is 49687 a prime number?
False
Is 139661 prime?
True
Is 29567 composite?
False
Is 156077 a prime number?
False
Is 10499 composite?
False
Is 41042 a prime number?
False
Is 3109 a prime number?
True
Is 167861 a prime number?
True
Is 841618 a prime number?
False
Is 189947 prime?
True
Is 14395 a prime number?
False
Is 11197 composite?
False
Is 31162 prime?
False
Is 146779 composite?
True
Is 924227 a prime number?
False
Is 27087 a prime number?
False
Is 173605 prime?
False
Is 64445 prime?
False
Is 1811515 prime?
False
Is 204401 composite?
True
Is 423629 a prime number?
False
Is 248137 prime?
True
Is 88463 a prime number?
True
Is 1589 a composite number?
True
Is 1153793 composite?
True
Is 41399 prime?
True
Is 919 prime?
True
Is 46439 composite?
False
Is 394291 a composite number?
False
Is 943 composite?
True
Is 25183 composite?
False
Is 10135 a prime number?
False
Is 53351 a composite number?
True
Is 410637 a composite number?
True
Is 1991923 a prime number?
False
Is 1337 a composite number?
True
Is 232213 a composite number?
True
Is 26857 prime?
False
Is 82367 a prime number?
False
Is 8266 prime?
False
Is 78101 prime?
True
Is 28459 a composite number?
True
Is 993943 composite?
False
Is 529 composite?
True
Is 40141 a prime number?
False
Is 29047 prime?
False
Is 127885 a composite number?
True